{"id":19,"date":"2024-03-25T09:42:49","date_gmt":"2024-03-25T12:42:49","guid":{"rendered":"https:\/\/zortechtubos.com.br\/?page_id=19"},"modified":"2024-04-01T16:59:36","modified_gmt":"2024-04-01T19:59:36","slug":"zortech","status":"publish","type":"page","link":"https:\/\/zortechtubos.com.br\/?page_id=19","title":{"rendered":"Zortech"},"content":{"rendered":"\t\t<div data-elementor-type=\"wp-page\" data-elementor-id=\"19\" class=\"elementor elementor-19\" data-elementor-post-type=\"page\">\n\t\t\t\t<div class=\"elementor-element elementor-element-9d36353 e-flex e-con-boxed e-con e-parent\" data-id=\"9d36353\" data-element_type=\"container\" data-e-type=\"container\">\n\t\t\t\t\t<div class=\"e-con-inner\">\n\t\t<div class=\"elementor-element elementor-element-9e84aff e-con-full e-flex e-con e-child\" data-id=\"9e84aff\" data-element_type=\"container\" data-e-type=\"container\">\n\t\t\t\t<div class=\"elementor-element elementor-element-16166cd elementor-widget elementor-widget-image\" data-id=\"16166cd\" data-element_type=\"widget\" data-e-type=\"widget\" data-widget_type=\"image.default\">\n\t\t\t\t<div class=\"elementor-widget-container\">\n\t\t\t\t\t\t\t\t\t\t\t\t\t\t\t<img fetchpriority=\"high\" decoding=\"async\" width=\"800\" height=\"371\" src=\"https:\/\/zortechtubos.com.br\/wp-content\/uploads\/2024\/03\/ZORTECH-1024x475.jpg\" class=\"attachment-large size-large wp-image-75\" alt=\"\" srcset=\"https:\/\/zortechtubos.com.br\/wp-content\/uploads\/2024\/03\/ZORTECH-1024x475.jpg 1024w, https:\/\/zortechtubos.com.br\/wp-content\/uploads\/2024\/03\/ZORTECH-300x139.jpg 300w, https:\/\/zortechtubos.com.br\/wp-content\/uploads\/2024\/03\/ZORTECH-768x356.jpg 768w, https:\/\/zortechtubos.com.br\/wp-content\/uploads\/2024\/03\/ZORTECH-1536x712.jpg 1536w, https:\/\/zortechtubos.com.br\/wp-content\/uploads\/2024\/03\/ZORTECH.jpg 1600w\" sizes=\"(max-width: 800px) 100vw, 800px\" \/>\t\t\t\t\t\t\t\t\t\t\t\t\t\t\t<\/div>\n\t\t\t\t<\/div>\n\t\t\t\t<\/div>\n\t\t<div class=\"elementor-element elementor-element-cfbe519 e-con-full e-flex e-con e-child\" data-id=\"cfbe519\" data-element_type=\"container\" data-e-type=\"container\">\n\t\t\t\t<div class=\"elementor-element elementor-element-5ede3e3 elementor-widget elementor-widget-text-editor\" data-id=\"5ede3e3\" data-element_type=\"widget\" data-e-type=\"widget\" data-widget_type=\"text-editor.default\">\n\t\t\t\t<div class=\"elementor-widget-container\">\n\t\t\t\t\t\t\t\t\t<p>A <strong>ZORTECH<\/strong> \u00e9 uma ind\u00fastria de Tubos e Mangueiras Especiais, com localiza\u00e7\u00e3o estrat\u00e9gica na cidade de Itu\/SP, eixo entre Sorocaba, Campinas e S\u00e3o Paulo. Nosso parque industrial conta com 1.500m\u00b2, com m\u00e1quinas de alta tecnologia e um dep\u00f3sito auto gerenciado.<\/p><p>A <strong>ZORTECH<\/strong> \u00e9 especializada na fabrica\u00e7\u00e3o de Tubos e Mangueiras em Poliuretano, para aplica\u00e7\u00f5es em diversos setores, entre eles para Ind\u00fastrias, Resid\u00eancias, Agroneg\u00f3cio, entre outros.<\/p>\t\t\t\t\t\t\t\t<\/div>\n\t\t\t\t<\/div>\n\t\t\t\t<\/div>\n\t\t\t\t\t<\/div>\n\t\t\t\t<\/div>\n\t\t<div class=\"elementor-element elementor-element-eb4ea90 e-flex e-con-boxed e-con e-parent\" data-id=\"eb4ea90\" data-element_type=\"container\" data-e-type=\"container\">\n\t\t\t\t\t<div class=\"e-con-inner\">\n\t\t\t\t<div class=\"elementor-element elementor-element-40e7a86 elementor-widget elementor-widget-text-editor\" data-id=\"40e7a86\" data-element_type=\"widget\" data-e-type=\"widget\" data-widget_type=\"text-editor.default\">\n\t\t\t\t<div class=\"elementor-widget-container\">\n\t\t\t\t\t\t\t\t\t<p>Atuando em todo o territ\u00f3rio nacional, aliando tecnologia e compromisso em fazer sempre o melhor para o seu cliente, a ZORTECH investiu todo o conhecimento adquirido em d\u00e9cadas no segmento de extrus\u00e3o de termopl\u00e1sticos. Com capital pr\u00f3prio, seu processo automatizado de fabrica\u00e7\u00e3o possibilita entregar um produto com rapidez e alta qualidade, superando assim expectativas de seus clientes.<\/p><p>Nossa maior habilidade consiste em entender a necessidade de cada cliente para que assim, possamos indicar o produto mais adequado para sua aplica\u00e7\u00e3o ou projeto.<\/p>\t\t\t\t\t\t\t\t<\/div>\n\t\t\t\t<\/div>\n\t\t\t\t\t<\/div>\n\t\t\t\t<\/div>\n\t\t<div class=\"elementor-element elementor-element-66d460a e-flex e-con-boxed e-con e-parent\" data-id=\"66d460a\" data-element_type=\"container\" data-e-type=\"container\">\n\t\t\t\t\t<div class=\"e-con-inner\">\n\t\t\t\t<div class=\"elementor-element elementor-element-c454201 gallery-spacing-custom elementor-widget elementor-widget-image-gallery\" data-id=\"c454201\" data-element_type=\"widget\" data-e-type=\"widget\" data-widget_type=\"image-gallery.default\">\n\t\t\t\t<div class=\"elementor-widget-container\">\n\t\t\t\t\t\t\t<div class=\"elementor-image-gallery\">\n\t\t\t<div id='gallery-1' class='gallery galleryid-19 gallery-columns-4 gallery-size-thumbnail'><figure class='gallery-item'>\n\t\t\t<div class='gallery-icon portrait'>\n\t\t\t\t<a data-elementor-open-lightbox=\"yes\" data-elementor-lightbox-slideshow=\"c454201\" data-elementor-lightbox-title=\"zortech_07-1\" data-e-action-hash=\"#elementor-action%3Aaction%3Dlightbox%26settings%3DeyJpZCI6MTU2LCJ1cmwiOiJodHRwczpcL1wvem9ydGVjaHR1Ym9zLmNvbS5iclwvd3AtY29udGVudFwvdXBsb2Fkc1wvMjAyNFwvMDNcL3pvcnRlY2hfMDctMS0xLmpwZyIsInNsaWRlc2hvdyI6ImM0NTQyMDEifQ%3D%3D\" href='https:\/\/zortechtubos.com.br\/wp-content\/uploads\/2024\/03\/zortech_07-1-1.jpg'><img width=\"300\" height=\"300\" src=\"https:\/\/zortechtubos.com.br\/wp-content\/uploads\/2024\/03\/zortech_07-1-1-300x300.jpg\" class=\"attachment-thumbnail size-thumbnail\" alt=\"\" decoding=\"async\" \/><\/a>\n\t\t\t<\/div><\/figure><figure class='gallery-item'>\n\t\t\t<div class='gallery-icon portrait'>\n\t\t\t\t<a data-elementor-open-lightbox=\"yes\" data-elementor-lightbox-slideshow=\"c454201\" data-elementor-lightbox-title=\"zortech-01\" data-e-action-hash=\"#elementor-action%3Aaction%3Dlightbox%26settings%3DeyJpZCI6MTU3LCJ1cmwiOiJodHRwczpcL1wvem9ydGVjaHR1Ym9zLmNvbS5iclwvd3AtY29udGVudFwvdXBsb2Fkc1wvMjAyNFwvMDNcL3pvcnRlY2gtMDEtMS5qcGciLCJzbGlkZXNob3ciOiJjNDU0MjAxIn0%3D\" href='https:\/\/zortechtubos.com.br\/wp-content\/uploads\/2024\/03\/zortech-01-1.jpg'><img width=\"300\" height=\"300\" src=\"https:\/\/zortechtubos.com.br\/wp-content\/uploads\/2024\/03\/zortech-01-1-300x300.jpg\" class=\"attachment-thumbnail size-thumbnail\" alt=\"\" decoding=\"async\" \/><\/a>\n\t\t\t<\/div><\/figure><figure class='gallery-item'>\n\t\t\t<div class='gallery-icon portrait'>\n\t\t\t\t<a data-elementor-open-lightbox=\"yes\" data-elementor-lightbox-slideshow=\"c454201\" data-elementor-lightbox-title=\"zortech-02\" data-e-action-hash=\"#elementor-action%3Aaction%3Dlightbox%26settings%3DeyJpZCI6MTU4LCJ1cmwiOiJodHRwczpcL1wvem9ydGVjaHR1Ym9zLmNvbS5iclwvd3AtY29udGVudFwvdXBsb2Fkc1wvMjAyNFwvMDNcL3pvcnRlY2gtMDItMS5qcGciLCJzbGlkZXNob3ciOiJjNDU0MjAxIn0%3D\" href='https:\/\/zortechtubos.com.br\/wp-content\/uploads\/2024\/03\/zortech-02-1.jpg'><img loading=\"lazy\" width=\"300\" height=\"300\" src=\"https:\/\/zortechtubos.com.br\/wp-content\/uploads\/2024\/03\/zortech-02-1-300x300.jpg\" class=\"attachment-thumbnail size-thumbnail\" alt=\"\" decoding=\"async\" \/><\/a>\n\t\t\t<\/div><\/figure><figure class='gallery-item'>\n\t\t\t<div class='gallery-icon portrait'>\n\t\t\t\t<a data-elementor-open-lightbox=\"yes\" data-elementor-lightbox-slideshow=\"c454201\" data-elementor-lightbox-title=\"zortech-03\" data-e-action-hash=\"#elementor-action%3Aaction%3Dlightbox%26settings%3DeyJpZCI6MTU5LCJ1cmwiOiJodHRwczpcL1wvem9ydGVjaHR1Ym9zLmNvbS5iclwvd3AtY29udGVudFwvdXBsb2Fkc1wvMjAyNFwvMDNcL3pvcnRlY2gtMDMtMS5qcGciLCJzbGlkZXNob3ciOiJjNDU0MjAxIn0%3D\" href='https:\/\/zortechtubos.com.br\/wp-content\/uploads\/2024\/03\/zortech-03-1.jpg'><img loading=\"lazy\" width=\"300\" height=\"300\" src=\"https:\/\/zortechtubos.com.br\/wp-content\/uploads\/2024\/03\/zortech-03-1-300x300.jpg\" class=\"attachment-thumbnail size-thumbnail\" alt=\"\" decoding=\"async\" \/><\/a>\n\t\t\t<\/div><\/figure>\n\t\t<\/div>\n\t\t<\/div>\n\t\t\t\t\t\t<\/div>\n\t\t\t\t<\/div>\n\t\t\t\t\t<\/div>\n\t\t\t\t<\/div>\n\t\t\t\t<\/div>\n\t\t","protected":false},"excerpt":{"rendered":"<p>A ZORTECH \u00e9 uma ind\u00fastria de Tubos e Mangueiras Especiais, com localiza\u00e7\u00e3o estrat\u00e9gica na cidade de Itu\/SP, eixo entre Sorocaba, Campinas e S\u00e3o Paulo. Nosso parque industrial conta com 1.500m\u00b2, com m\u00e1quinas de alta tecnologia e um dep\u00f3sito auto gerenciado. A ZORTECH \u00e9 especializada na fabrica\u00e7\u00e3o de Tubos e Mangueiras em Poliuretano, para aplica\u00e7\u00f5es em [&hellip;]<\/p>\n","protected":false},"author":1,"featured_media":0,"parent":0,"menu_order":0,"comment_status":"closed","ping_status":"closed","template":"","meta":{"footnotes":""},"class_list":["post-19","page","type-page","status-publish","hentry"],"yoast_head":"<!-- This site is optimized with the Yoast SEO plugin v27.4 - https:\/\/yoast.com\/product\/yoast-seo-wordpress\/ -->\n<title>Zortech Tubos e Mangueiras Especiais | Itu\/SP | Fale Conosco: 11 2429-1622 ou 11 91771-1018 | Zortech<\/title>\n<meta name=\"description\" content=\"A Zortech Tubos e Mangueiras Especiais \u00e9 uma empresa especializada na fabrica\u00e7\u00e3o de tubos e mangueiras especiais, mangueiras pneum\u00e1ticas em poliuretano para ind\u00fastrias, resid\u00eancias e agroneg\u00f3cio, produzindo com extrusoras de \u00faltima gera\u00e7\u00e3o e garantindo excel\u00eancia e qualidade em seus produtos.\" \/>\n<meta name=\"robots\" content=\"index, follow, max-snippet:-1, max-image-preview:large, max-video-preview:-1\" \/>\n<link rel=\"canonical\" href=\"https:\/\/zortechtubos.com.br\/?page_id=19\" \/>\n<meta property=\"og:locale\" content=\"pt_BR\" \/>\n<meta property=\"og:type\" content=\"article\" \/>\n<meta property=\"og:title\" content=\"Zortech Tubos e Mangueiras Especiais | Itu\/SP | Fale Conosco: 11 2429-1622 ou 11 91771-1018 | Zortech\" \/>\n<meta property=\"og:description\" content=\"A Zortech Tubos e Mangueiras Especiais \u00e9 uma empresa especializada na fabrica\u00e7\u00e3o de tubos e mangueiras especiais, mangueiras pneum\u00e1ticas em poliuretano para ind\u00fastrias, resid\u00eancias e agroneg\u00f3cio, produzindo com extrusoras de \u00faltima gera\u00e7\u00e3o e garantindo excel\u00eancia e qualidade em seus produtos.\" \/>\n<meta property=\"og:url\" content=\"https:\/\/zortechtubos.com.br\/?page_id=19\" \/>\n<meta property=\"og:site_name\" content=\"Zortech Tubos\" \/>\n<meta property=\"article:modified_time\" content=\"2024-04-01T19:59:36+00:00\" \/>\n<meta property=\"og:image\" content=\"https:\/\/zortechtubos.com.br\/wp-content\/uploads\/2024\/03\/ZORTECH-1024x475.jpg\" \/>\n<meta name=\"twitter:card\" content=\"summary_large_image\" \/>\n<meta name=\"twitter:label1\" content=\"Est. tempo de leitura\" \/>\n\t<meta name=\"twitter:data1\" content=\"2 minutos\" \/>\n<script type=\"application\/ld+json\" class=\"yoast-schema-graph\">{\"@context\":\"https:\\\/\\\/schema.org\",\"@graph\":[{\"@type\":\"WebPage\",\"@id\":\"https:\\\/\\\/zortechtubos.com.br\\\/?page_id=19\",\"url\":\"https:\\\/\\\/zortechtubos.com.br\\\/?page_id=19\",\"name\":\"Zortech Tubos e Mangueiras Especiais | Itu\\\/SP | Fale Conosco: 11 2429-1622 ou 11 91771-1018 | Zortech\",\"isPartOf\":{\"@id\":\"https:\\\/\\\/zortechtubos.com.br\\\/#website\"},\"primaryImageOfPage\":{\"@id\":\"https:\\\/\\\/zortechtubos.com.br\\\/?page_id=19#primaryimage\"},\"image\":{\"@id\":\"https:\\\/\\\/zortechtubos.com.br\\\/?page_id=19#primaryimage\"},\"thumbnailUrl\":\"https:\\\/\\\/zortechtubos.com.br\\\/wp-content\\\/uploads\\\/2024\\\/03\\\/ZORTECH-1024x475.jpg\",\"datePublished\":\"2024-03-25T12:42:49+00:00\",\"dateModified\":\"2024-04-01T19:59:36+00:00\",\"description\":\"A Zortech Tubos e Mangueiras Especiais \u00e9 uma empresa especializada na fabrica\u00e7\u00e3o de tubos e mangueiras especiais, mangueiras pneum\u00e1ticas em poliuretano para ind\u00fastrias, resid\u00eancias e agroneg\u00f3cio, produzindo com extrusoras de \u00faltima gera\u00e7\u00e3o e garantindo excel\u00eancia e qualidade em seus produtos.\",\"breadcrumb\":{\"@id\":\"https:\\\/\\\/zortechtubos.com.br\\\/?page_id=19#breadcrumb\"},\"inLanguage\":\"pt-BR\",\"potentialAction\":[{\"@type\":\"ReadAction\",\"target\":[\"https:\\\/\\\/zortechtubos.com.br\\\/?page_id=19\"]}]},{\"@type\":\"ImageObject\",\"inLanguage\":\"pt-BR\",\"@id\":\"https:\\\/\\\/zortechtubos.com.br\\\/?page_id=19#primaryimage\",\"url\":\"https:\\\/\\\/zortechtubos.com.br\\\/wp-content\\\/uploads\\\/2024\\\/03\\\/ZORTECH.jpg\",\"contentUrl\":\"https:\\\/\\\/zortechtubos.com.br\\\/wp-content\\\/uploads\\\/2024\\\/03\\\/ZORTECH.jpg\",\"width\":1600,\"height\":742},{\"@type\":\"BreadcrumbList\",\"@id\":\"https:\\\/\\\/zortechtubos.com.br\\\/?page_id=19#breadcrumb\",\"itemListElement\":[{\"@type\":\"ListItem\",\"position\":1,\"name\":\"In\u00edcio\",\"item\":\"https:\\\/\\\/zortechtubos.com.br\\\/\"},{\"@type\":\"ListItem\",\"position\":2,\"name\":\"Zortech\"}]},{\"@type\":\"WebSite\",\"@id\":\"https:\\\/\\\/zortechtubos.com.br\\\/#website\",\"url\":\"https:\\\/\\\/zortechtubos.com.br\\\/\",\"name\":\"Zortech Tubos e Mangueiras Especiais\",\"description\":\"A ZORTECH \u00e9 uma ind\u00fastria de Tubos e Mangueiras Especiais, com localiza\u00e7\u00e3o estrat\u00e9gica na cidade de Itu\\\/SP, eixo entre Sorocaba, Campinas e S\u00e3o Paulo. Nosso parque industrial conta com 1.500m\u00b2, com m\u00e1quinas de alta tecnologia e um dep\u00f3sito auto gerenciado.  A ZORTECH \u00e9 especializada na fabrica\u00e7\u00e3o de Tubos e Mangueiras em Poliuretano, para aplica\u00e7\u00f5es em diversos setores, entre eles para Ind\u00fastrias, Resid\u00eancias, Agroneg\u00f3cio, entre outros.\",\"publisher\":{\"@id\":\"https:\\\/\\\/zortechtubos.com.br\\\/#organization\"},\"alternateName\":\"Zortech Tubos e Mangueiras Especiais\",\"potentialAction\":[{\"@type\":\"SearchAction\",\"target\":{\"@type\":\"EntryPoint\",\"urlTemplate\":\"https:\\\/\\\/zortechtubos.com.br\\\/?s={search_term_string}\"},\"query-input\":{\"@type\":\"PropertyValueSpecification\",\"valueRequired\":true,\"valueName\":\"search_term_string\"}}],\"inLanguage\":\"pt-BR\"},{\"@type\":\"Organization\",\"@id\":\"https:\\\/\\\/zortechtubos.com.br\\\/#organization\",\"name\":\"Zortech Tubos e Mangueiras Especiais\",\"url\":\"https:\\\/\\\/zortechtubos.com.br\\\/\",\"logo\":{\"@type\":\"ImageObject\",\"inLanguage\":\"pt-BR\",\"@id\":\"https:\\\/\\\/zortechtubos.com.br\\\/#\\\/schema\\\/logo\\\/image\\\/\",\"url\":\"https:\\\/\\\/zortechtubos.com.br\\\/wp-content\\\/uploads\\\/2024\\\/03\\\/logotipo.png\",\"contentUrl\":\"https:\\\/\\\/zortechtubos.com.br\\\/wp-content\\\/uploads\\\/2024\\\/03\\\/logotipo.png\",\"width\":254,\"height\":162,\"caption\":\"Zortech Tubos e Mangueiras Especiais\"},\"image\":{\"@id\":\"https:\\\/\\\/zortechtubos.com.br\\\/#\\\/schema\\\/logo\\\/image\\\/\"}}]}<\/script>\n<!-- \/ Yoast SEO plugin. -->","yoast_head_json":{"title":"Zortech Tubos e Mangueiras Especiais | Itu\/SP | Fale Conosco: 11 2429-1622 ou 11 91771-1018 | Zortech","description":"A Zortech Tubos e Mangueiras Especiais \u00e9 uma empresa especializada na fabrica\u00e7\u00e3o de tubos e mangueiras especiais, mangueiras pneum\u00e1ticas em poliuretano para ind\u00fastrias, resid\u00eancias e agroneg\u00f3cio, produzindo com extrusoras de \u00faltima gera\u00e7\u00e3o e garantindo excel\u00eancia e qualidade em seus produtos.","robots":{"index":"index","follow":"follow","max-snippet":"max-snippet:-1","max-image-preview":"max-image-preview:large","max-video-preview":"max-video-preview:-1"},"canonical":"https:\/\/zortechtubos.com.br\/?page_id=19","og_locale":"pt_BR","og_type":"article","og_title":"Zortech Tubos e Mangueiras Especiais | Itu\/SP | Fale Conosco: 11 2429-1622 ou 11 91771-1018 | Zortech","og_description":"A Zortech Tubos e Mangueiras Especiais \u00e9 uma empresa especializada na fabrica\u00e7\u00e3o de tubos e mangueiras especiais, mangueiras pneum\u00e1ticas em poliuretano para ind\u00fastrias, resid\u00eancias e agroneg\u00f3cio, produzindo com extrusoras de \u00faltima gera\u00e7\u00e3o e garantindo excel\u00eancia e qualidade em seus produtos.","og_url":"https:\/\/zortechtubos.com.br\/?page_id=19","og_site_name":"Zortech Tubos","article_modified_time":"2024-04-01T19:59:36+00:00","og_image":[{"url":"https:\/\/zortechtubos.com.br\/wp-content\/uploads\/2024\/03\/ZORTECH-1024x475.jpg","type":"","width":"","height":""}],"twitter_card":"summary_large_image","twitter_misc":{"Est. tempo de leitura":"2 minutos"},"schema":{"@context":"https:\/\/schema.org","@graph":[{"@type":"WebPage","@id":"https:\/\/zortechtubos.com.br\/?page_id=19","url":"https:\/\/zortechtubos.com.br\/?page_id=19","name":"Zortech Tubos e Mangueiras Especiais | Itu\/SP | Fale Conosco: 11 2429-1622 ou 11 91771-1018 | Zortech","isPartOf":{"@id":"https:\/\/zortechtubos.com.br\/#website"},"primaryImageOfPage":{"@id":"https:\/\/zortechtubos.com.br\/?page_id=19#primaryimage"},"image":{"@id":"https:\/\/zortechtubos.com.br\/?page_id=19#primaryimage"},"thumbnailUrl":"https:\/\/zortechtubos.com.br\/wp-content\/uploads\/2024\/03\/ZORTECH-1024x475.jpg","datePublished":"2024-03-25T12:42:49+00:00","dateModified":"2024-04-01T19:59:36+00:00","description":"A Zortech Tubos e Mangueiras Especiais \u00e9 uma empresa especializada na fabrica\u00e7\u00e3o de tubos e mangueiras especiais, mangueiras pneum\u00e1ticas em poliuretano para ind\u00fastrias, resid\u00eancias e agroneg\u00f3cio, produzindo com extrusoras de \u00faltima gera\u00e7\u00e3o e garantindo excel\u00eancia e qualidade em seus produtos.","breadcrumb":{"@id":"https:\/\/zortechtubos.com.br\/?page_id=19#breadcrumb"},"inLanguage":"pt-BR","potentialAction":[{"@type":"ReadAction","target":["https:\/\/zortechtubos.com.br\/?page_id=19"]}]},{"@type":"ImageObject","inLanguage":"pt-BR","@id":"https:\/\/zortechtubos.com.br\/?page_id=19#primaryimage","url":"https:\/\/zortechtubos.com.br\/wp-content\/uploads\/2024\/03\/ZORTECH.jpg","contentUrl":"https:\/\/zortechtubos.com.br\/wp-content\/uploads\/2024\/03\/ZORTECH.jpg","width":1600,"height":742},{"@type":"BreadcrumbList","@id":"https:\/\/zortechtubos.com.br\/?page_id=19#breadcrumb","itemListElement":[{"@type":"ListItem","position":1,"name":"In\u00edcio","item":"https:\/\/zortechtubos.com.br\/"},{"@type":"ListItem","position":2,"name":"Zortech"}]},{"@type":"WebSite","@id":"https:\/\/zortechtubos.com.br\/#website","url":"https:\/\/zortechtubos.com.br\/","name":"Zortech Tubos e Mangueiras Especiais","description":"A ZORTECH \u00e9 uma ind\u00fastria de Tubos e Mangueiras Especiais, com localiza\u00e7\u00e3o estrat\u00e9gica na cidade de Itu\/SP, eixo entre Sorocaba, Campinas e S\u00e3o Paulo. Nosso parque industrial conta com 1.500m\u00b2, com m\u00e1quinas de alta tecnologia e um dep\u00f3sito auto gerenciado.  A ZORTECH \u00e9 especializada na fabrica\u00e7\u00e3o de Tubos e Mangueiras em Poliuretano, para aplica\u00e7\u00f5es em diversos setores, entre eles para Ind\u00fastrias, Resid\u00eancias, Agroneg\u00f3cio, entre outros.","publisher":{"@id":"https:\/\/zortechtubos.com.br\/#organization"},"alternateName":"Zortech Tubos e Mangueiras Especiais","potentialAction":[{"@type":"SearchAction","target":{"@type":"EntryPoint","urlTemplate":"https:\/\/zortechtubos.com.br\/?s={search_term_string}"},"query-input":{"@type":"PropertyValueSpecification","valueRequired":true,"valueName":"search_term_string"}}],"inLanguage":"pt-BR"},{"@type":"Organization","@id":"https:\/\/zortechtubos.com.br\/#organization","name":"Zortech Tubos e Mangueiras Especiais","url":"https:\/\/zortechtubos.com.br\/","logo":{"@type":"ImageObject","inLanguage":"pt-BR","@id":"https:\/\/zortechtubos.com.br\/#\/schema\/logo\/image\/","url":"https:\/\/zortechtubos.com.br\/wp-content\/uploads\/2024\/03\/logotipo.png","contentUrl":"https:\/\/zortechtubos.com.br\/wp-content\/uploads\/2024\/03\/logotipo.png","width":254,"height":162,"caption":"Zortech Tubos e Mangueiras Especiais"},"image":{"@id":"https:\/\/zortechtubos.com.br\/#\/schema\/logo\/image\/"}}]}},"_links":{"self":[{"href":"https:\/\/zortechtubos.com.br\/index.php?rest_route=\/wp\/v2\/pages\/19","targetHints":{"allow":["GET"]}}],"collection":[{"href":"https:\/\/zortechtubos.com.br\/index.php?rest_route=\/wp\/v2\/pages"}],"about":[{"href":"https:\/\/zortechtubos.com.br\/index.php?rest_route=\/wp\/v2\/types\/page"}],"author":[{"embeddable":true,"href":"https:\/\/zortechtubos.com.br\/index.php?rest_route=\/wp\/v2\/users\/1"}],"replies":[{"embeddable":true,"href":"https:\/\/zortechtubos.com.br\/index.php?rest_route=%2Fwp%2Fv2%2Fcomments&post=19"}],"version-history":[{"count":5,"href":"https:\/\/zortechtubos.com.br\/index.php?rest_route=\/wp\/v2\/pages\/19\/revisions"}],"predecessor-version":[{"id":165,"href":"https:\/\/zortechtubos.com.br\/index.php?rest_route=\/wp\/v2\/pages\/19\/revisions\/165"}],"wp:attachment":[{"href":"https:\/\/zortechtubos.com.br\/index.php?rest_route=%2Fwp%2Fv2%2Fmedia&parent=19"}],"curies":[{"name":"wp","href":"https:\/\/api.w.org\/{rel}","templated":true}]}}