{"id":21,"date":"2024-03-25T09:43:07","date_gmt":"2024-03-25T12:43:07","guid":{"rendered":"https:\/\/zortechtubos.com.br\/?page_id=21"},"modified":"2024-04-01T16:56:43","modified_gmt":"2024-04-01T19:56:43","slug":"nossos-produtos","status":"publish","type":"page","link":"https:\/\/zortechtubos.com.br\/?page_id=21","title":{"rendered":"Nossos Produtos"},"content":{"rendered":"\t\t<div data-elementor-type=\"wp-page\" data-elementor-id=\"21\" class=\"elementor elementor-21\" data-elementor-post-type=\"page\">\n\t\t\t\t<div class=\"elementor-element elementor-element-be507b2 e-flex e-con-boxed e-con e-parent\" data-id=\"be507b2\" data-element_type=\"container\" data-e-type=\"container\">\n\t\t\t\t\t<div class=\"e-con-inner\">\n\t\t<div class=\"elementor-element elementor-element-998b103 e-con-full e-flex e-con e-child\" data-id=\"998b103\" data-element_type=\"container\" data-e-type=\"container\">\n\t\t\t\t<div class=\"elementor-element elementor-element-c66b6dc elementor-widget elementor-widget-image\" data-id=\"c66b6dc\" data-element_type=\"widget\" data-e-type=\"widget\" data-widget_type=\"image.default\">\n\t\t\t\t<div class=\"elementor-widget-container\">\n\t\t\t\t\t\t\t\t\t\t\t\t\t\t\t<img decoding=\"async\" src=\"https:\/\/zortechtubos.com.br\/wp-content\/uploads\/elementor\/thumbs\/zortech-pu-01-qlu9tayhuqdz8catqkizcu05523sk2xuuh1jhitgfk.jpg\" title=\"zortech-pu-01.jpg\" alt=\"zortech-pu-01.jpg\" loading=\"lazy\" \/>\t\t\t\t\t\t\t\t\t\t\t\t\t\t\t<\/div>\n\t\t\t\t<\/div>\n\t\t\t\t<div class=\"elementor-element elementor-element-3ba0c6c elementor-widget elementor-widget-heading\" data-id=\"3ba0c6c\" data-element_type=\"widget\" data-e-type=\"widget\" data-widget_type=\"heading.default\">\n\t\t\t\t<div class=\"elementor-widget-container\">\n\t\t\t\t\t<h2 class=\"elementor-heading-title elementor-size-default\">TUBO<br \/>POLIURETANO <\/h2>\t\t\t\t<\/div>\n\t\t\t\t<\/div>\n\t\t\t\t<div class=\"elementor-element elementor-element-8df6b4e elementor-widget elementor-widget-heading\" data-id=\"8df6b4e\" data-element_type=\"widget\" data-e-type=\"widget\" data-widget_type=\"heading.default\">\n\t\t\t\t<div class=\"elementor-widget-container\">\n\t\t\t\t\t<h2 class=\"elementor-heading-title elementor-size-default\">(PU)<\/h2>\t\t\t\t<\/div>\n\t\t\t\t<\/div>\n\t\t\t\t<div class=\"elementor-element elementor-element-838cc26 elementor-widget-divider--view-line elementor-widget elementor-widget-divider\" data-id=\"838cc26\" data-element_type=\"widget\" data-e-type=\"widget\" data-widget_type=\"divider.default\">\n\t\t\t\t<div class=\"elementor-widget-container\">\n\t\t\t\t\t\t\t<div class=\"elementor-divider\">\n\t\t\t<span class=\"elementor-divider-separator\">\n\t\t\t\t\t\t<\/span>\n\t\t<\/div>\n\t\t\t\t\t\t<\/div>\n\t\t\t\t<\/div>\n\t\t\t\t<div class=\"elementor-element elementor-element-0489861 elementor-align-center elementor-widget elementor-widget-button\" data-id=\"0489861\" data-element_type=\"widget\" data-e-type=\"widget\" data-widget_type=\"button.default\">\n\t\t\t\t<div class=\"elementor-widget-container\">\n\t\t\t\t\t\t\t\t\t<div class=\"elementor-button-wrapper\">\n\t\t\t\t\t<a class=\"elementor-button elementor-button-link elementor-size-sm\" href=\"https:\/\/zortechtubos.com.br\/tubo-poliuretano-pu\/\">\n\t\t\t\t\t\t<span class=\"elementor-button-content-wrapper\">\n\t\t\t\t\t\t\t\t\t<span class=\"elementor-button-text\">Saiba mais<\/span>\n\t\t\t\t\t<\/span>\n\t\t\t\t\t<\/a>\n\t\t\t\t<\/div>\n\t\t\t\t\t\t\t\t<\/div>\n\t\t\t\t<\/div>\n\t\t\t\t<\/div>\n\t\t<div class=\"elementor-element elementor-element-c2bc548 e-con-full e-flex e-con e-child\" data-id=\"c2bc548\" data-element_type=\"container\" data-e-type=\"container\">\n\t\t\t\t<div class=\"elementor-element elementor-element-b21a32e elementor-widget elementor-widget-image\" data-id=\"b21a32e\" data-element_type=\"widget\" data-e-type=\"widget\" data-widget_type=\"image.default\">\n\t\t\t\t<div class=\"elementor-widget-container\">\n\t\t\t\t\t\t\t\t\t\t\t\t\t\t\t<img decoding=\"async\" src=\"https:\/\/zortechtubos.com.br\/wp-content\/uploads\/elementor\/thumbs\/zortech-pu-02-qlu9tayhuqdz8catqkizcu05523sk2xuuh1jhitgfk.jpg\" title=\"zortech-pu-02.jpg\" alt=\"zortech-pu-02.jpg\" loading=\"lazy\" \/>\t\t\t\t\t\t\t\t\t\t\t\t\t\t\t<\/div>\n\t\t\t\t<\/div>\n\t\t\t\t<div class=\"elementor-element elementor-element-d5fb8f4 elementor-widget elementor-widget-heading\" data-id=\"d5fb8f4\" data-element_type=\"widget\" data-e-type=\"widget\" data-widget_type=\"heading.default\">\n\t\t\t\t<div class=\"elementor-widget-container\">\n\t\t\t\t\t<h2 class=\"elementor-heading-title elementor-size-default\">TUBO<br \/>POLIURETANO <\/h2>\t\t\t\t<\/div>\n\t\t\t\t<\/div>\n\t\t\t\t<div class=\"elementor-element elementor-element-4e0b345 elementor-widget elementor-widget-heading\" data-id=\"4e0b345\" data-element_type=\"widget\" data-e-type=\"widget\" data-widget_type=\"heading.default\">\n\t\t\t\t<div class=\"elementor-widget-container\">\n\t\t\t\t\t<h2 class=\"elementor-heading-title elementor-size-default\">(PU)<\/h2>\t\t\t\t<\/div>\n\t\t\t\t<\/div>\n\t\t\t\t<div class=\"elementor-element elementor-element-443187b elementor-widget-divider--view-line elementor-widget elementor-widget-divider\" data-id=\"443187b\" data-element_type=\"widget\" data-e-type=\"widget\" data-widget_type=\"divider.default\">\n\t\t\t\t<div class=\"elementor-widget-container\">\n\t\t\t\t\t\t\t<div class=\"elementor-divider\">\n\t\t\t<span class=\"elementor-divider-separator\">\n\t\t\t\t\t\t<\/span>\n\t\t<\/div>\n\t\t\t\t\t\t<\/div>\n\t\t\t\t<\/div>\n\t\t\t\t<div class=\"elementor-element elementor-element-bd1cf56 elementor-align-center elementor-widget elementor-widget-button\" data-id=\"bd1cf56\" data-element_type=\"widget\" data-e-type=\"widget\" data-widget_type=\"button.default\">\n\t\t\t\t<div class=\"elementor-widget-container\">\n\t\t\t\t\t\t\t\t\t<div class=\"elementor-button-wrapper\">\n\t\t\t\t\t<a class=\"elementor-button elementor-button-link elementor-size-sm\" href=\"https:\/\/zortechtubos.com.br\/tubo-poliuretano-pu\/\">\n\t\t\t\t\t\t<span class=\"elementor-button-content-wrapper\">\n\t\t\t\t\t\t\t\t\t<span class=\"elementor-button-text\">Saiba mais<\/span>\n\t\t\t\t\t<\/span>\n\t\t\t\t\t<\/a>\n\t\t\t\t<\/div>\n\t\t\t\t\t\t\t\t<\/div>\n\t\t\t\t<\/div>\n\t\t\t\t<\/div>\n\t\t<div class=\"elementor-element elementor-element-fbafb80 e-con-full e-flex e-con e-child\" data-id=\"fbafb80\" data-element_type=\"container\" data-e-type=\"container\">\n\t\t\t\t<div class=\"elementor-element elementor-element-b3ea6fe elementor-widget elementor-widget-image\" data-id=\"b3ea6fe\" data-element_type=\"widget\" data-e-type=\"widget\" data-widget_type=\"image.default\">\n\t\t\t\t<div class=\"elementor-widget-container\">\n\t\t\t\t\t\t\t\t\t\t\t\t\t\t\t<img decoding=\"async\" src=\"https:\/\/zortechtubos.com.br\/wp-content\/uploads\/elementor\/thumbs\/zortech-pu-03-qlu9tayhuqdz8catqkizcu05523sk2xuuh1jhitgfk.jpg\" title=\"zortech-pu-03.jpg\" alt=\"zortech-pu-03.jpg\" loading=\"lazy\" \/>\t\t\t\t\t\t\t\t\t\t\t\t\t\t\t<\/div>\n\t\t\t\t<\/div>\n\t\t\t\t<div class=\"elementor-element elementor-element-b56271f elementor-widget elementor-widget-heading\" data-id=\"b56271f\" data-element_type=\"widget\" data-e-type=\"widget\" data-widget_type=\"heading.default\">\n\t\t\t\t<div class=\"elementor-widget-container\">\n\t\t\t\t\t<h2 class=\"elementor-heading-title elementor-size-default\">TUBO<br \/>POLIURETANO <\/h2>\t\t\t\t<\/div>\n\t\t\t\t<\/div>\n\t\t\t\t<div class=\"elementor-element elementor-element-6e338ed elementor-widget elementor-widget-heading\" data-id=\"6e338ed\" data-element_type=\"widget\" data-e-type=\"widget\" data-widget_type=\"heading.default\">\n\t\t\t\t<div class=\"elementor-widget-container\">\n\t\t\t\t\t<h2 class=\"elementor-heading-title elementor-size-default\">(PU)<\/h2>\t\t\t\t<\/div>\n\t\t\t\t<\/div>\n\t\t\t\t<div class=\"elementor-element elementor-element-ac5a14e elementor-widget-divider--view-line elementor-widget elementor-widget-divider\" data-id=\"ac5a14e\" data-element_type=\"widget\" data-e-type=\"widget\" data-widget_type=\"divider.default\">\n\t\t\t\t<div class=\"elementor-widget-container\">\n\t\t\t\t\t\t\t<div class=\"elementor-divider\">\n\t\t\t<span class=\"elementor-divider-separator\">\n\t\t\t\t\t\t<\/span>\n\t\t<\/div>\n\t\t\t\t\t\t<\/div>\n\t\t\t\t<\/div>\n\t\t\t\t<div class=\"elementor-element elementor-element-e2f1a44 elementor-align-center elementor-widget elementor-widget-button\" data-id=\"e2f1a44\" data-element_type=\"widget\" data-e-type=\"widget\" data-widget_type=\"button.default\">\n\t\t\t\t<div class=\"elementor-widget-container\">\n\t\t\t\t\t\t\t\t\t<div class=\"elementor-button-wrapper\">\n\t\t\t\t\t<a class=\"elementor-button elementor-button-link elementor-size-sm\" href=\"https:\/\/zortechtubos.com.br\/tubo-poliuretano-pu\/\">\n\t\t\t\t\t\t<span class=\"elementor-button-content-wrapper\">\n\t\t\t\t\t\t\t\t\t<span class=\"elementor-button-text\">Saiba mais<\/span>\n\t\t\t\t\t<\/span>\n\t\t\t\t\t<\/a>\n\t\t\t\t<\/div>\n\t\t\t\t\t\t\t\t<\/div>\n\t\t\t\t<\/div>\n\t\t\t\t<\/div>\n\t\t\t\t\t<\/div>\n\t\t\t\t<\/div>\n\t\t\t\t<\/div>\n\t\t","protected":false},"excerpt":{"rendered":"<p>TUBOPOLIURETANO (PU) Saiba mais TUBOPOLIURETANO (PU) Saiba mais TUBOPOLIURETANO (PU) Saiba mais<\/p>\n","protected":false},"author":1,"featured_media":0,"parent":0,"menu_order":0,"comment_status":"closed","ping_status":"closed","template":"","meta":{"footnotes":""},"class_list":["post-21","page","type-page","status-publish","hentry"],"yoast_head":"<!-- This site is optimized with the Yoast SEO plugin v27.5 - https:\/\/yoast.com\/product\/yoast-seo-wordpress\/ -->\n<title>Zortech Tubos e Mangueiras Especiais | Itu\/SP | Fale Conosco: 11 2429-1622 ou 11 91771-1018 | Nossos Produtos<\/title>\n<meta name=\"description\" content=\"A Zortech Tubos e Mangueiras Especiais \u00e9 uma empresa especializada na fabrica\u00e7\u00e3o de tubos e mangueiras especiais, mangueiras pneum\u00e1ticas em poliuretano para ind\u00fastrias, resid\u00eancias e agroneg\u00f3cio, produzindo com extrusoras de \u00faltima gera\u00e7\u00e3o e garantindo excel\u00eancia e qualidade em seus produtos.\" \/>\n<meta name=\"robots\" content=\"index, follow, max-snippet:-1, max-image-preview:large, max-video-preview:-1\" \/>\n<link rel=\"canonical\" href=\"https:\/\/zortechtubos.com.br\/?page_id=21\" \/>\n<meta property=\"og:locale\" content=\"pt_BR\" \/>\n<meta property=\"og:type\" content=\"article\" \/>\n<meta property=\"og:title\" content=\"Zortech Tubos e Mangueiras Especiais | Itu\/SP | Fale Conosco: 11 2429-1622 ou 11 91771-1018 | Nossos Produtos\" \/>\n<meta property=\"og:description\" content=\"A Zortech Tubos e Mangueiras Especiais \u00e9 uma empresa especializada na fabrica\u00e7\u00e3o de tubos e mangueiras especiais, mangueiras pneum\u00e1ticas em poliuretano para ind\u00fastrias, resid\u00eancias e agroneg\u00f3cio, produzindo com extrusoras de \u00faltima gera\u00e7\u00e3o e garantindo excel\u00eancia e qualidade em seus produtos.\" \/>\n<meta property=\"og:url\" content=\"https:\/\/zortechtubos.com.br\/?page_id=21\" \/>\n<meta property=\"og:site_name\" content=\"Zortech Tubos\" \/>\n<meta property=\"article:modified_time\" content=\"2024-04-01T19:56:43+00:00\" \/>\n<meta property=\"og:image\" content=\"https:\/\/zortechtubos.com.br\/wp-content\/uploads\/elementor\/thumbs\/zortech-pu-01-qlu9tayhuqdz8catqkizcu05523sk2xuuh1jhitgfk.jpg\" \/>\n<meta name=\"twitter:card\" content=\"summary_large_image\" \/>\n<meta name=\"twitter:label1\" content=\"Est. tempo de leitura\" \/>\n\t<meta name=\"twitter:data1\" content=\"1 minuto\" \/>\n<script type=\"application\/ld+json\" class=\"yoast-schema-graph\">{\"@context\":\"https:\\\/\\\/schema.org\",\"@graph\":[{\"@type\":\"WebPage\",\"@id\":\"https:\\\/\\\/zortechtubos.com.br\\\/?page_id=21\",\"url\":\"https:\\\/\\\/zortechtubos.com.br\\\/?page_id=21\",\"name\":\"Zortech Tubos e Mangueiras Especiais | Itu\\\/SP | Fale Conosco: 11 2429-1622 ou 11 91771-1018 | Nossos Produtos\",\"isPartOf\":{\"@id\":\"https:\\\/\\\/zortechtubos.com.br\\\/#website\"},\"primaryImageOfPage\":{\"@id\":\"https:\\\/\\\/zortechtubos.com.br\\\/?page_id=21#primaryimage\"},\"image\":{\"@id\":\"https:\\\/\\\/zortechtubos.com.br\\\/?page_id=21#primaryimage\"},\"thumbnailUrl\":\"https:\\\/\\\/zortechtubos.com.br\\\/wp-content\\\/uploads\\\/elementor\\\/thumbs\\\/zortech-pu-01-qlu9tayhuqdz8catqkizcu05523sk2xuuh1jhitgfk.jpg\",\"datePublished\":\"2024-03-25T12:43:07+00:00\",\"dateModified\":\"2024-04-01T19:56:43+00:00\",\"description\":\"A Zortech Tubos e Mangueiras Especiais \u00e9 uma empresa especializada na fabrica\u00e7\u00e3o de tubos e mangueiras especiais, mangueiras pneum\u00e1ticas em poliuretano para ind\u00fastrias, resid\u00eancias e agroneg\u00f3cio, produzindo com extrusoras de \u00faltima gera\u00e7\u00e3o e garantindo excel\u00eancia e qualidade em seus produtos.\",\"breadcrumb\":{\"@id\":\"https:\\\/\\\/zortechtubos.com.br\\\/?page_id=21#breadcrumb\"},\"inLanguage\":\"pt-BR\",\"potentialAction\":[{\"@type\":\"ReadAction\",\"target\":[\"https:\\\/\\\/zortechtubos.com.br\\\/?page_id=21\"]}]},{\"@type\":\"ImageObject\",\"inLanguage\":\"pt-BR\",\"@id\":\"https:\\\/\\\/zortechtubos.com.br\\\/?page_id=21#primaryimage\",\"url\":\"https:\\\/\\\/zortechtubos.com.br\\\/wp-content\\\/uploads\\\/elementor\\\/thumbs\\\/zortech-pu-01-qlu9tayhuqdz8catqkizcu05523sk2xuuh1jhitgfk.jpg\",\"contentUrl\":\"https:\\\/\\\/zortechtubos.com.br\\\/wp-content\\\/uploads\\\/elementor\\\/thumbs\\\/zortech-pu-01-qlu9tayhuqdz8catqkizcu05523sk2xuuh1jhitgfk.jpg\"},{\"@type\":\"BreadcrumbList\",\"@id\":\"https:\\\/\\\/zortechtubos.com.br\\\/?page_id=21#breadcrumb\",\"itemListElement\":[{\"@type\":\"ListItem\",\"position\":1,\"name\":\"In\u00edcio\",\"item\":\"https:\\\/\\\/zortechtubos.com.br\\\/\"},{\"@type\":\"ListItem\",\"position\":2,\"name\":\"Nossos Produtos\"}]},{\"@type\":\"WebSite\",\"@id\":\"https:\\\/\\\/zortechtubos.com.br\\\/#website\",\"url\":\"https:\\\/\\\/zortechtubos.com.br\\\/\",\"name\":\"Zortech Tubos e Mangueiras Especiais\",\"description\":\"A ZORTECH \u00e9 uma ind\u00fastria de Tubos e Mangueiras Especiais, com localiza\u00e7\u00e3o estrat\u00e9gica na cidade de Itu\\\/SP, eixo entre Sorocaba, Campinas e S\u00e3o Paulo. Nosso parque industrial conta com 1.500m\u00b2, com m\u00e1quinas de alta tecnologia e um dep\u00f3sito auto gerenciado.  A ZORTECH \u00e9 especializada na fabrica\u00e7\u00e3o de Tubos e Mangueiras em Poliuretano, para aplica\u00e7\u00f5es em diversos setores, entre eles para Ind\u00fastrias, Resid\u00eancias, Agroneg\u00f3cio, entre outros.\",\"publisher\":{\"@id\":\"https:\\\/\\\/zortechtubos.com.br\\\/#organization\"},\"alternateName\":\"Zortech Tubos e Mangueiras Especiais\",\"potentialAction\":[{\"@type\":\"SearchAction\",\"target\":{\"@type\":\"EntryPoint\",\"urlTemplate\":\"https:\\\/\\\/zortechtubos.com.br\\\/?s={search_term_string}\"},\"query-input\":{\"@type\":\"PropertyValueSpecification\",\"valueRequired\":true,\"valueName\":\"search_term_string\"}}],\"inLanguage\":\"pt-BR\"},{\"@type\":\"Organization\",\"@id\":\"https:\\\/\\\/zortechtubos.com.br\\\/#organization\",\"name\":\"Zortech Tubos e Mangueiras Especiais\",\"url\":\"https:\\\/\\\/zortechtubos.com.br\\\/\",\"logo\":{\"@type\":\"ImageObject\",\"inLanguage\":\"pt-BR\",\"@id\":\"https:\\\/\\\/zortechtubos.com.br\\\/#\\\/schema\\\/logo\\\/image\\\/\",\"url\":\"https:\\\/\\\/zortechtubos.com.br\\\/wp-content\\\/uploads\\\/2024\\\/03\\\/logotipo.png\",\"contentUrl\":\"https:\\\/\\\/zortechtubos.com.br\\\/wp-content\\\/uploads\\\/2024\\\/03\\\/logotipo.png\",\"width\":254,\"height\":162,\"caption\":\"Zortech Tubos e Mangueiras Especiais\"},\"image\":{\"@id\":\"https:\\\/\\\/zortechtubos.com.br\\\/#\\\/schema\\\/logo\\\/image\\\/\"}}]}<\/script>\n<!-- \/ Yoast SEO plugin. -->","yoast_head_json":{"title":"Zortech Tubos e Mangueiras Especiais | Itu\/SP | Fale Conosco: 11 2429-1622 ou 11 91771-1018 | Nossos Produtos","description":"A Zortech Tubos e Mangueiras Especiais \u00e9 uma empresa especializada na fabrica\u00e7\u00e3o de tubos e mangueiras especiais, mangueiras pneum\u00e1ticas em poliuretano para ind\u00fastrias, resid\u00eancias e agroneg\u00f3cio, produzindo com extrusoras de \u00faltima gera\u00e7\u00e3o e garantindo excel\u00eancia e qualidade em seus produtos.","robots":{"index":"index","follow":"follow","max-snippet":"max-snippet:-1","max-image-preview":"max-image-preview:large","max-video-preview":"max-video-preview:-1"},"canonical":"https:\/\/zortechtubos.com.br\/?page_id=21","og_locale":"pt_BR","og_type":"article","og_title":"Zortech Tubos e Mangueiras Especiais | Itu\/SP | Fale Conosco: 11 2429-1622 ou 11 91771-1018 | Nossos Produtos","og_description":"A Zortech Tubos e Mangueiras Especiais \u00e9 uma empresa especializada na fabrica\u00e7\u00e3o de tubos e mangueiras especiais, mangueiras pneum\u00e1ticas em poliuretano para ind\u00fastrias, resid\u00eancias e agroneg\u00f3cio, produzindo com extrusoras de \u00faltima gera\u00e7\u00e3o e garantindo excel\u00eancia e qualidade em seus produtos.","og_url":"https:\/\/zortechtubos.com.br\/?page_id=21","og_site_name":"Zortech Tubos","article_modified_time":"2024-04-01T19:56:43+00:00","og_image":[{"url":"https:\/\/zortechtubos.com.br\/wp-content\/uploads\/elementor\/thumbs\/zortech-pu-01-qlu9tayhuqdz8catqkizcu05523sk2xuuh1jhitgfk.jpg","type":"","width":"","height":""}],"twitter_card":"summary_large_image","twitter_misc":{"Est. tempo de leitura":"1 minuto"},"schema":{"@context":"https:\/\/schema.org","@graph":[{"@type":"WebPage","@id":"https:\/\/zortechtubos.com.br\/?page_id=21","url":"https:\/\/zortechtubos.com.br\/?page_id=21","name":"Zortech Tubos e Mangueiras Especiais | Itu\/SP | Fale Conosco: 11 2429-1622 ou 11 91771-1018 | Nossos Produtos","isPartOf":{"@id":"https:\/\/zortechtubos.com.br\/#website"},"primaryImageOfPage":{"@id":"https:\/\/zortechtubos.com.br\/?page_id=21#primaryimage"},"image":{"@id":"https:\/\/zortechtubos.com.br\/?page_id=21#primaryimage"},"thumbnailUrl":"https:\/\/zortechtubos.com.br\/wp-content\/uploads\/elementor\/thumbs\/zortech-pu-01-qlu9tayhuqdz8catqkizcu05523sk2xuuh1jhitgfk.jpg","datePublished":"2024-03-25T12:43:07+00:00","dateModified":"2024-04-01T19:56:43+00:00","description":"A Zortech Tubos e Mangueiras Especiais \u00e9 uma empresa especializada na fabrica\u00e7\u00e3o de tubos e mangueiras especiais, mangueiras pneum\u00e1ticas em poliuretano para ind\u00fastrias, resid\u00eancias e agroneg\u00f3cio, produzindo com extrusoras de \u00faltima gera\u00e7\u00e3o e garantindo excel\u00eancia e qualidade em seus produtos.","breadcrumb":{"@id":"https:\/\/zortechtubos.com.br\/?page_id=21#breadcrumb"},"inLanguage":"pt-BR","potentialAction":[{"@type":"ReadAction","target":["https:\/\/zortechtubos.com.br\/?page_id=21"]}]},{"@type":"ImageObject","inLanguage":"pt-BR","@id":"https:\/\/zortechtubos.com.br\/?page_id=21#primaryimage","url":"https:\/\/zortechtubos.com.br\/wp-content\/uploads\/elementor\/thumbs\/zortech-pu-01-qlu9tayhuqdz8catqkizcu05523sk2xuuh1jhitgfk.jpg","contentUrl":"https:\/\/zortechtubos.com.br\/wp-content\/uploads\/elementor\/thumbs\/zortech-pu-01-qlu9tayhuqdz8catqkizcu05523sk2xuuh1jhitgfk.jpg"},{"@type":"BreadcrumbList","@id":"https:\/\/zortechtubos.com.br\/?page_id=21#breadcrumb","itemListElement":[{"@type":"ListItem","position":1,"name":"In\u00edcio","item":"https:\/\/zortechtubos.com.br\/"},{"@type":"ListItem","position":2,"name":"Nossos Produtos"}]},{"@type":"WebSite","@id":"https:\/\/zortechtubos.com.br\/#website","url":"https:\/\/zortechtubos.com.br\/","name":"Zortech Tubos e Mangueiras Especiais","description":"A ZORTECH \u00e9 uma ind\u00fastria de Tubos e Mangueiras Especiais, com localiza\u00e7\u00e3o estrat\u00e9gica na cidade de Itu\/SP, eixo entre Sorocaba, Campinas e S\u00e3o Paulo. Nosso parque industrial conta com 1.500m\u00b2, com m\u00e1quinas de alta tecnologia e um dep\u00f3sito auto gerenciado.  A ZORTECH \u00e9 especializada na fabrica\u00e7\u00e3o de Tubos e Mangueiras em Poliuretano, para aplica\u00e7\u00f5es em diversos setores, entre eles para Ind\u00fastrias, Resid\u00eancias, Agroneg\u00f3cio, entre outros.","publisher":{"@id":"https:\/\/zortechtubos.com.br\/#organization"},"alternateName":"Zortech Tubos e Mangueiras Especiais","potentialAction":[{"@type":"SearchAction","target":{"@type":"EntryPoint","urlTemplate":"https:\/\/zortechtubos.com.br\/?s={search_term_string}"},"query-input":{"@type":"PropertyValueSpecification","valueRequired":true,"valueName":"search_term_string"}}],"inLanguage":"pt-BR"},{"@type":"Organization","@id":"https:\/\/zortechtubos.com.br\/#organization","name":"Zortech Tubos e Mangueiras Especiais","url":"https:\/\/zortechtubos.com.br\/","logo":{"@type":"ImageObject","inLanguage":"pt-BR","@id":"https:\/\/zortechtubos.com.br\/#\/schema\/logo\/image\/","url":"https:\/\/zortechtubos.com.br\/wp-content\/uploads\/2024\/03\/logotipo.png","contentUrl":"https:\/\/zortechtubos.com.br\/wp-content\/uploads\/2024\/03\/logotipo.png","width":254,"height":162,"caption":"Zortech Tubos e Mangueiras Especiais"},"image":{"@id":"https:\/\/zortechtubos.com.br\/#\/schema\/logo\/image\/"}}]}},"_links":{"self":[{"href":"https:\/\/zortechtubos.com.br\/index.php?rest_route=\/wp\/v2\/pages\/21","targetHints":{"allow":["GET"]}}],"collection":[{"href":"https:\/\/zortechtubos.com.br\/index.php?rest_route=\/wp\/v2\/pages"}],"about":[{"href":"https:\/\/zortechtubos.com.br\/index.php?rest_route=\/wp\/v2\/types\/page"}],"author":[{"embeddable":true,"href":"https:\/\/zortechtubos.com.br\/index.php?rest_route=\/wp\/v2\/users\/1"}],"replies":[{"embeddable":true,"href":"https:\/\/zortechtubos.com.br\/index.php?rest_route=%2Fwp%2Fv2%2Fcomments&post=21"}],"version-history":[{"count":5,"href":"https:\/\/zortechtubos.com.br\/index.php?rest_route=\/wp\/v2\/pages\/21\/revisions"}],"predecessor-version":[{"id":259,"href":"https:\/\/zortechtubos.com.br\/index.php?rest_route=\/wp\/v2\/pages\/21\/revisions\/259"}],"wp:attachment":[{"href":"https:\/\/zortechtubos.com.br\/index.php?rest_route=%2Fwp%2Fv2%2Fmedia&parent=21"}],"curies":[{"name":"wp","href":"https:\/\/api.w.org\/{rel}","templated":true}]}}