{"id":23,"date":"2024-03-25T09:43:26","date_gmt":"2024-03-25T12:43:26","guid":{"rendered":"https:\/\/zortechtubos.com.br\/?page_id=23"},"modified":"2024-04-01T16:59:10","modified_gmt":"2024-04-01T19:59:10","slug":"politica-de-qualidade","status":"publish","type":"page","link":"https:\/\/zortechtubos.com.br\/?page_id=23","title":{"rendered":"Pol\u00edtica de Qualidade"},"content":{"rendered":"\t\t<div data-elementor-type=\"wp-page\" data-elementor-id=\"23\" class=\"elementor elementor-23\" data-elementor-post-type=\"page\">\n\t\t\t\t<div class=\"elementor-element elementor-element-ea25954 e-flex e-con-boxed e-con e-parent\" data-id=\"ea25954\" data-element_type=\"container\" data-e-type=\"container\">\n\t\t\t\t\t<div class=\"e-con-inner\">\n\t\t<div class=\"elementor-element elementor-element-f42c503 e-con-full e-flex e-con e-child\" data-id=\"f42c503\" data-element_type=\"container\" data-e-type=\"container\">\n\t\t\t\t<div class=\"elementor-element elementor-element-1166de1 icon-politica-qualidade elementor-view-default elementor-position-block-start elementor-mobile-position-block-start elementor-widget elementor-widget-icon-box\" data-id=\"1166de1\" data-element_type=\"widget\" data-e-type=\"widget\" data-widget_type=\"icon-box.default\">\n\t\t\t\t<div class=\"elementor-widget-container\">\n\t\t\t\t\t\t\t<div class=\"elementor-icon-box-wrapper\">\n\n\t\t\t\t\t\t<div class=\"elementor-icon-box-icon\">\n\t\t\t\t<span  class=\"elementor-icon\">\n\t\t\t\t<svg aria-hidden=\"true\" class=\"e-font-icon-svg e-fas-crosshairs\" viewBox=\"0 0 512 512\" xmlns=\"http:\/\/www.w3.org\/2000\/svg\"><path d=\"M500 224h-30.364C455.724 130.325 381.675 56.276 288 42.364V12c0-6.627-5.373-12-12-12h-40c-6.627 0-12 5.373-12 12v30.364C130.325 56.276 56.276 130.325 42.364 224H12c-6.627 0-12 5.373-12 12v40c0 6.627 5.373 12 12 12h30.364C56.276 381.675 130.325 455.724 224 469.636V500c0 6.627 5.373 12 12 12h40c6.627 0 12-5.373 12-12v-30.364C381.675 455.724 455.724 381.675 469.636 288H500c6.627 0 12-5.373 12-12v-40c0-6.627-5.373-12-12-12zM288 404.634V364c0-6.627-5.373-12-12-12h-40c-6.627 0-12 5.373-12 12v40.634C165.826 392.232 119.783 346.243 107.366 288H148c6.627 0 12-5.373 12-12v-40c0-6.627-5.373-12-12-12h-40.634C119.768 165.826 165.757 119.783 224 107.366V148c0 6.627 5.373 12 12 12h40c6.627 0 12-5.373 12-12v-40.634C346.174 119.768 392.217 165.757 404.634 224H364c-6.627 0-12 5.373-12 12v40c0 6.627 5.373 12 12 12h40.634C392.232 346.174 346.243 392.217 288 404.634zM288 256c0 17.673-14.327 32-32 32s-32-14.327-32-32c0-17.673 14.327-32 32-32s32 14.327 32 32z\"><\/path><\/svg>\t\t\t\t<\/span>\n\t\t\t<\/div>\n\t\t\t\n\t\t\t\t\t\t<div class=\"elementor-icon-box-content\">\n\n\t\t\t\t\t\t\t\t\t<h2 class=\"elementor-icon-box-title\">\n\t\t\t\t\t\t<span  >\n\t\t\t\t\t\t\tMISS\u00c3O\t\t\t\t\t\t<\/span>\n\t\t\t\t\t<\/h2>\n\t\t\t\t\n\t\t\t\t\t\t\t\t\t<p class=\"elementor-icon-box-description\">\n\t\t\t\t\t\tFabricar mangueiras de alta qualidade sempre buscando e provendo tecnologias e mat\u00e9rias-primas mais recentes dispon\u00edveis no mercado.\t\t\t\t\t<\/p>\n\t\t\t\t\n\t\t\t<\/div>\n\t\t\t\n\t\t<\/div>\n\t\t\t\t\t\t<\/div>\n\t\t\t\t<\/div>\n\t\t\t\t<div class=\"elementor-element elementor-element-3c7649b elementor-widget-divider--view-line elementor-widget elementor-widget-divider\" data-id=\"3c7649b\" data-element_type=\"widget\" data-e-type=\"widget\" data-widget_type=\"divider.default\">\n\t\t\t\t<div class=\"elementor-widget-container\">\n\t\t\t\t\t\t\t<div class=\"elementor-divider\">\n\t\t\t<span class=\"elementor-divider-separator\">\n\t\t\t\t\t\t<\/span>\n\t\t<\/div>\n\t\t\t\t\t\t<\/div>\n\t\t\t\t<\/div>\n\t\t\t\t<\/div>\n\t\t<div class=\"elementor-element elementor-element-fa2c0e6 e-con-full e-flex e-con e-child\" data-id=\"fa2c0e6\" data-element_type=\"container\" data-e-type=\"container\">\n\t\t\t\t<div class=\"elementor-element elementor-element-8792928 icon-politica-qualidade elementor-view-default elementor-position-block-start elementor-mobile-position-block-start elementor-widget elementor-widget-icon-box\" data-id=\"8792928\" data-element_type=\"widget\" data-e-type=\"widget\" data-widget_type=\"icon-box.default\">\n\t\t\t\t<div class=\"elementor-widget-container\">\n\t\t\t\t\t\t\t<div class=\"elementor-icon-box-wrapper\">\n\n\t\t\t\t\t\t<div class=\"elementor-icon-box-icon\">\n\t\t\t\t<span  class=\"elementor-icon\">\n\t\t\t\t<svg aria-hidden=\"true\" class=\"e-font-icon-svg e-fas-eye\" viewBox=\"0 0 576 512\" xmlns=\"http:\/\/www.w3.org\/2000\/svg\"><path d=\"M572.52 241.4C518.29 135.59 410.93 64 288 64S57.68 135.64 3.48 241.41a32.35 32.35 0 0 0 0 29.19C57.71 376.41 165.07 448 288 448s230.32-71.64 284.52-177.41a32.35 32.35 0 0 0 0-29.19zM288 400a144 144 0 1 1 144-144 143.93 143.93 0 0 1-144 144zm0-240a95.31 95.31 0 0 0-25.31 3.79 47.85 47.85 0 0 1-66.9 66.9A95.78 95.78 0 1 0 288 160z\"><\/path><\/svg>\t\t\t\t<\/span>\n\t\t\t<\/div>\n\t\t\t\n\t\t\t\t\t\t<div class=\"elementor-icon-box-content\">\n\n\t\t\t\t\t\t\t\t\t<h3 class=\"elementor-icon-box-title\">\n\t\t\t\t\t\t<span  >\n\t\t\t\t\t\t\tVIS\u00c3O\t\t\t\t\t\t<\/span>\n\t\t\t\t\t<\/h3>\n\t\t\t\t\n\t\t\t\t\t\t\t\t\t<p class=\"elementor-icon-box-description\">\n\t\t\t\t\t\tCompreender o mercado, atender \u00e0s exig\u00eancias de nossos clientes se antecipando \u00e0 novas necessidades, mantendo sempre o padr\u00e3o e alta qualidade na entrega dos produtos.\t\t\t\t\t<\/p>\n\t\t\t\t\n\t\t\t<\/div>\n\t\t\t\n\t\t<\/div>\n\t\t\t\t\t\t<\/div>\n\t\t\t\t<\/div>\n\t\t\t\t<div class=\"elementor-element elementor-element-1db7ac6 elementor-widget-divider--view-line elementor-widget elementor-widget-divider\" data-id=\"1db7ac6\" data-element_type=\"widget\" data-e-type=\"widget\" data-widget_type=\"divider.default\">\n\t\t\t\t<div class=\"elementor-widget-container\">\n\t\t\t\t\t\t\t<div class=\"elementor-divider\">\n\t\t\t<span class=\"elementor-divider-separator\">\n\t\t\t\t\t\t<\/span>\n\t\t<\/div>\n\t\t\t\t\t\t<\/div>\n\t\t\t\t<\/div>\n\t\t\t\t<\/div>\n\t\t<div class=\"elementor-element elementor-element-428aa7e e-con-full e-flex e-con e-child\" data-id=\"428aa7e\" data-element_type=\"container\" data-e-type=\"container\">\n\t\t\t\t<div class=\"elementor-element elementor-element-8ada49a icon-politica-qualidade elementor-view-default elementor-position-block-start elementor-mobile-position-block-start elementor-widget elementor-widget-icon-box\" data-id=\"8ada49a\" data-element_type=\"widget\" data-e-type=\"widget\" data-widget_type=\"icon-box.default\">\n\t\t\t\t<div class=\"elementor-widget-container\">\n\t\t\t\t\t\t\t<div class=\"elementor-icon-box-wrapper\">\n\n\t\t\t\t\t\t<div class=\"elementor-icon-box-icon\">\n\t\t\t\t<span  class=\"elementor-icon\">\n\t\t\t\t<svg aria-hidden=\"true\" class=\"e-font-icon-svg e-fas-project-diagram\" viewBox=\"0 0 640 512\" xmlns=\"http:\/\/www.w3.org\/2000\/svg\"><path d=\"M384 320H256c-17.67 0-32 14.33-32 32v128c0 17.67 14.33 32 32 32h128c17.67 0 32-14.33 32-32V352c0-17.67-14.33-32-32-32zM192 32c0-17.67-14.33-32-32-32H32C14.33 0 0 14.33 0 32v128c0 17.67 14.33 32 32 32h95.72l73.16 128.04C211.98 300.98 232.4 288 256 288h.28L192 175.51V128h224V64H192V32zM608 0H480c-17.67 0-32 14.33-32 32v128c0 17.67 14.33 32 32 32h128c17.67 0 32-14.33 32-32V32c0-17.67-14.33-32-32-32z\"><\/path><\/svg>\t\t\t\t<\/span>\n\t\t\t<\/div>\n\t\t\t\n\t\t\t\t\t\t<div class=\"elementor-icon-box-content\">\n\n\t\t\t\t\t\t\t\t\t<h3 class=\"elementor-icon-box-title\">\n\t\t\t\t\t\t<span  >\n\t\t\t\t\t\t\tVALORES\t\t\t\t\t\t<\/span>\n\t\t\t\t\t<\/h3>\n\t\t\t\t\n\t\t\t\t\t\t\t\t\t<p class=\"elementor-icon-box-description\">\n\t\t\t\t\t\tQualidade, Honra, Respeito e Satisfa\u00e7\u00e3o do cliente.\t\t\t\t\t<\/p>\n\t\t\t\t\n\t\t\t<\/div>\n\t\t\t\n\t\t<\/div>\n\t\t\t\t\t\t<\/div>\n\t\t\t\t<\/div>\n\t\t\t\t<div class=\"elementor-element elementor-element-d177f2d elementor-widget-divider--view-line elementor-widget elementor-widget-divider\" data-id=\"d177f2d\" data-element_type=\"widget\" data-e-type=\"widget\" data-widget_type=\"divider.default\">\n\t\t\t\t<div class=\"elementor-widget-container\">\n\t\t\t\t\t\t\t<div class=\"elementor-divider\">\n\t\t\t<span class=\"elementor-divider-separator\">\n\t\t\t\t\t\t<\/span>\n\t\t<\/div>\n\t\t\t\t\t\t<\/div>\n\t\t\t\t<\/div>\n\t\t\t\t<\/div>\n\t\t\t\t\t<\/div>\n\t\t\t\t<\/div>\n\t\t\t\t<\/div>\n\t\t","protected":false},"excerpt":{"rendered":"<p>MISS\u00c3O Fabricar mangueiras de alta qualidade sempre buscando e provendo tecnologias e mat\u00e9rias-primas mais recentes dispon\u00edveis no mercado. VIS\u00c3O Compreender o mercado, atender \u00e0s exig\u00eancias de nossos clientes se antecipando \u00e0 novas necessidades, mantendo sempre o padr\u00e3o e alta qualidade na entrega dos produtos. VALORES Qualidade, Honra, Respeito e Satisfa\u00e7\u00e3o do cliente.<\/p>\n","protected":false},"author":1,"featured_media":0,"parent":0,"menu_order":0,"comment_status":"closed","ping_status":"closed","template":"","meta":{"footnotes":""},"class_list":["post-23","page","type-page","status-publish","hentry"],"yoast_head":"<!-- This site is optimized with the Yoast SEO plugin v27.6 - https:\/\/yoast.com\/product\/yoast-seo-wordpress\/ -->\n<title>Zortech Tubos e Mangueiras Especiais | Itu\/SP | Fale Conosco: 11 2429-1622 ou 11 91771-1018 | Pol\u00edtica de Qualidade<\/title>\n<meta name=\"description\" content=\"A Zortech Tubos e Mangueiras Especiais \u00e9 uma empresa especializada na fabrica\u00e7\u00e3o de tubos e mangueiras especiais, mangueiras pneum\u00e1ticas em poliuretano para ind\u00fastrias, resid\u00eancias e agroneg\u00f3cio, produzindo com extrusoras de \u00faltima gera\u00e7\u00e3o e garantindo excel\u00eancia e qualidade em seus produtos.\" \/>\n<meta name=\"robots\" content=\"index, follow, max-snippet:-1, max-image-preview:large, max-video-preview:-1\" \/>\n<link rel=\"canonical\" href=\"https:\/\/zortechtubos.com.br\/?page_id=23\" \/>\n<meta property=\"og:locale\" content=\"pt_BR\" \/>\n<meta property=\"og:type\" content=\"article\" \/>\n<meta property=\"og:title\" content=\"Zortech Tubos e Mangueiras Especiais | Itu\/SP | Fale Conosco: 11 2429-1622 ou 11 91771-1018 | Pol\u00edtica de Qualidade\" \/>\n<meta property=\"og:description\" content=\"A Zortech Tubos e Mangueiras Especiais \u00e9 uma empresa especializada na fabrica\u00e7\u00e3o de tubos e mangueiras especiais, mangueiras pneum\u00e1ticas em poliuretano para ind\u00fastrias, resid\u00eancias e agroneg\u00f3cio, produzindo com extrusoras de \u00faltima gera\u00e7\u00e3o e garantindo excel\u00eancia e qualidade em seus produtos.\" \/>\n<meta property=\"og:url\" content=\"https:\/\/zortechtubos.com.br\/?page_id=23\" \/>\n<meta property=\"og:site_name\" content=\"Zortech Tubos\" \/>\n<meta property=\"article:modified_time\" content=\"2024-04-01T19:59:10+00:00\" \/>\n<meta property=\"og:image\" content=\"https:\/\/zortechtubos.com.br\/wp-content\/uploads\/2024\/04\/imagem_zortechtubos.com_.br_.jpg\" \/>\n\t<meta property=\"og:image:width\" content=\"1200\" \/>\n\t<meta property=\"og:image:height\" content=\"675\" \/>\n\t<meta property=\"og:image:type\" content=\"image\/jpeg\" \/>\n<meta name=\"twitter:card\" content=\"summary_large_image\" \/>\n<meta name=\"twitter:label1\" content=\"Est. tempo de leitura\" \/>\n\t<meta name=\"twitter:data1\" content=\"1 minuto\" \/>\n<script type=\"application\/ld+json\" class=\"yoast-schema-graph\">{\"@context\":\"https:\\\/\\\/schema.org\",\"@graph\":[{\"@type\":\"WebPage\",\"@id\":\"https:\\\/\\\/zortechtubos.com.br\\\/?page_id=23\",\"url\":\"https:\\\/\\\/zortechtubos.com.br\\\/?page_id=23\",\"name\":\"Zortech Tubos e Mangueiras Especiais | Itu\\\/SP | Fale Conosco: 11 2429-1622 ou 11 91771-1018 | Pol\u00edtica de Qualidade\",\"isPartOf\":{\"@id\":\"https:\\\/\\\/zortechtubos.com.br\\\/#website\"},\"datePublished\":\"2024-03-25T12:43:26+00:00\",\"dateModified\":\"2024-04-01T19:59:10+00:00\",\"description\":\"A Zortech Tubos e Mangueiras Especiais \u00e9 uma empresa especializada na fabrica\u00e7\u00e3o de tubos e mangueiras especiais, mangueiras pneum\u00e1ticas em poliuretano para ind\u00fastrias, resid\u00eancias e agroneg\u00f3cio, produzindo com extrusoras de \u00faltima gera\u00e7\u00e3o e garantindo excel\u00eancia e qualidade em seus produtos.\",\"breadcrumb\":{\"@id\":\"https:\\\/\\\/zortechtubos.com.br\\\/?page_id=23#breadcrumb\"},\"inLanguage\":\"pt-BR\",\"potentialAction\":[{\"@type\":\"ReadAction\",\"target\":[\"https:\\\/\\\/zortechtubos.com.br\\\/?page_id=23\"]}]},{\"@type\":\"BreadcrumbList\",\"@id\":\"https:\\\/\\\/zortechtubos.com.br\\\/?page_id=23#breadcrumb\",\"itemListElement\":[{\"@type\":\"ListItem\",\"position\":1,\"name\":\"In\u00edcio\",\"item\":\"https:\\\/\\\/zortechtubos.com.br\\\/\"},{\"@type\":\"ListItem\",\"position\":2,\"name\":\"Pol\u00edtica de Qualidade\"}]},{\"@type\":\"WebSite\",\"@id\":\"https:\\\/\\\/zortechtubos.com.br\\\/#website\",\"url\":\"https:\\\/\\\/zortechtubos.com.br\\\/\",\"name\":\"Zortech Tubos e Mangueiras Especiais\",\"description\":\"A ZORTECH \u00e9 uma ind\u00fastria de Tubos e Mangueiras Especiais, com localiza\u00e7\u00e3o estrat\u00e9gica na cidade de Itu\\\/SP, eixo entre Sorocaba, Campinas e S\u00e3o Paulo. Nosso parque industrial conta com 1.500m\u00b2, com m\u00e1quinas de alta tecnologia e um dep\u00f3sito auto gerenciado.  A ZORTECH \u00e9 especializada na fabrica\u00e7\u00e3o de Tubos e Mangueiras em Poliuretano, para aplica\u00e7\u00f5es em diversos setores, entre eles para Ind\u00fastrias, Resid\u00eancias, Agroneg\u00f3cio, entre outros.\",\"publisher\":{\"@id\":\"https:\\\/\\\/zortechtubos.com.br\\\/#organization\"},\"alternateName\":\"Zortech Tubos e Mangueiras Especiais\",\"potentialAction\":[{\"@type\":\"SearchAction\",\"target\":{\"@type\":\"EntryPoint\",\"urlTemplate\":\"https:\\\/\\\/zortechtubos.com.br\\\/?s={search_term_string}\"},\"query-input\":{\"@type\":\"PropertyValueSpecification\",\"valueRequired\":true,\"valueName\":\"search_term_string\"}}],\"inLanguage\":\"pt-BR\"},{\"@type\":\"Organization\",\"@id\":\"https:\\\/\\\/zortechtubos.com.br\\\/#organization\",\"name\":\"Zortech Tubos e Mangueiras Especiais\",\"url\":\"https:\\\/\\\/zortechtubos.com.br\\\/\",\"logo\":{\"@type\":\"ImageObject\",\"inLanguage\":\"pt-BR\",\"@id\":\"https:\\\/\\\/zortechtubos.com.br\\\/#\\\/schema\\\/logo\\\/image\\\/\",\"url\":\"https:\\\/\\\/zortechtubos.com.br\\\/wp-content\\\/uploads\\\/2024\\\/03\\\/logotipo.png\",\"contentUrl\":\"https:\\\/\\\/zortechtubos.com.br\\\/wp-content\\\/uploads\\\/2024\\\/03\\\/logotipo.png\",\"width\":254,\"height\":162,\"caption\":\"Zortech Tubos e Mangueiras Especiais\"},\"image\":{\"@id\":\"https:\\\/\\\/zortechtubos.com.br\\\/#\\\/schema\\\/logo\\\/image\\\/\"}}]}<\/script>\n<!-- \/ Yoast SEO plugin. -->","yoast_head_json":{"title":"Zortech Tubos e Mangueiras Especiais | Itu\/SP | Fale Conosco: 11 2429-1622 ou 11 91771-1018 | Pol\u00edtica de Qualidade","description":"A Zortech Tubos e Mangueiras Especiais \u00e9 uma empresa especializada na fabrica\u00e7\u00e3o de tubos e mangueiras especiais, mangueiras pneum\u00e1ticas em poliuretano para ind\u00fastrias, resid\u00eancias e agroneg\u00f3cio, produzindo com extrusoras de \u00faltima gera\u00e7\u00e3o e garantindo excel\u00eancia e qualidade em seus produtos.","robots":{"index":"index","follow":"follow","max-snippet":"max-snippet:-1","max-image-preview":"max-image-preview:large","max-video-preview":"max-video-preview:-1"},"canonical":"https:\/\/zortechtubos.com.br\/?page_id=23","og_locale":"pt_BR","og_type":"article","og_title":"Zortech Tubos e Mangueiras Especiais | Itu\/SP | Fale Conosco: 11 2429-1622 ou 11 91771-1018 | Pol\u00edtica de Qualidade","og_description":"A Zortech Tubos e Mangueiras Especiais \u00e9 uma empresa especializada na fabrica\u00e7\u00e3o de tubos e mangueiras especiais, mangueiras pneum\u00e1ticas em poliuretano para ind\u00fastrias, resid\u00eancias e agroneg\u00f3cio, produzindo com extrusoras de \u00faltima gera\u00e7\u00e3o e garantindo excel\u00eancia e qualidade em seus produtos.","og_url":"https:\/\/zortechtubos.com.br\/?page_id=23","og_site_name":"Zortech Tubos","article_modified_time":"2024-04-01T19:59:10+00:00","og_image":[{"width":1200,"height":675,"url":"https:\/\/zortechtubos.com.br\/wp-content\/uploads\/2024\/04\/imagem_zortechtubos.com_.br_.jpg","type":"image\/jpeg"}],"twitter_card":"summary_large_image","twitter_misc":{"Est. tempo de leitura":"1 minuto"},"schema":{"@context":"https:\/\/schema.org","@graph":[{"@type":"WebPage","@id":"https:\/\/zortechtubos.com.br\/?page_id=23","url":"https:\/\/zortechtubos.com.br\/?page_id=23","name":"Zortech Tubos e Mangueiras Especiais | Itu\/SP | Fale Conosco: 11 2429-1622 ou 11 91771-1018 | Pol\u00edtica de Qualidade","isPartOf":{"@id":"https:\/\/zortechtubos.com.br\/#website"},"datePublished":"2024-03-25T12:43:26+00:00","dateModified":"2024-04-01T19:59:10+00:00","description":"A Zortech Tubos e Mangueiras Especiais \u00e9 uma empresa especializada na fabrica\u00e7\u00e3o de tubos e mangueiras especiais, mangueiras pneum\u00e1ticas em poliuretano para ind\u00fastrias, resid\u00eancias e agroneg\u00f3cio, produzindo com extrusoras de \u00faltima gera\u00e7\u00e3o e garantindo excel\u00eancia e qualidade em seus produtos.","breadcrumb":{"@id":"https:\/\/zortechtubos.com.br\/?page_id=23#breadcrumb"},"inLanguage":"pt-BR","potentialAction":[{"@type":"ReadAction","target":["https:\/\/zortechtubos.com.br\/?page_id=23"]}]},{"@type":"BreadcrumbList","@id":"https:\/\/zortechtubos.com.br\/?page_id=23#breadcrumb","itemListElement":[{"@type":"ListItem","position":1,"name":"In\u00edcio","item":"https:\/\/zortechtubos.com.br\/"},{"@type":"ListItem","position":2,"name":"Pol\u00edtica de Qualidade"}]},{"@type":"WebSite","@id":"https:\/\/zortechtubos.com.br\/#website","url":"https:\/\/zortechtubos.com.br\/","name":"Zortech Tubos e Mangueiras Especiais","description":"A ZORTECH \u00e9 uma ind\u00fastria de Tubos e Mangueiras Especiais, com localiza\u00e7\u00e3o estrat\u00e9gica na cidade de Itu\/SP, eixo entre Sorocaba, Campinas e S\u00e3o Paulo. Nosso parque industrial conta com 1.500m\u00b2, com m\u00e1quinas de alta tecnologia e um dep\u00f3sito auto gerenciado.  A ZORTECH \u00e9 especializada na fabrica\u00e7\u00e3o de Tubos e Mangueiras em Poliuretano, para aplica\u00e7\u00f5es em diversos setores, entre eles para Ind\u00fastrias, Resid\u00eancias, Agroneg\u00f3cio, entre outros.","publisher":{"@id":"https:\/\/zortechtubos.com.br\/#organization"},"alternateName":"Zortech Tubos e Mangueiras Especiais","potentialAction":[{"@type":"SearchAction","target":{"@type":"EntryPoint","urlTemplate":"https:\/\/zortechtubos.com.br\/?s={search_term_string}"},"query-input":{"@type":"PropertyValueSpecification","valueRequired":true,"valueName":"search_term_string"}}],"inLanguage":"pt-BR"},{"@type":"Organization","@id":"https:\/\/zortechtubos.com.br\/#organization","name":"Zortech Tubos e Mangueiras Especiais","url":"https:\/\/zortechtubos.com.br\/","logo":{"@type":"ImageObject","inLanguage":"pt-BR","@id":"https:\/\/zortechtubos.com.br\/#\/schema\/logo\/image\/","url":"https:\/\/zortechtubos.com.br\/wp-content\/uploads\/2024\/03\/logotipo.png","contentUrl":"https:\/\/zortechtubos.com.br\/wp-content\/uploads\/2024\/03\/logotipo.png","width":254,"height":162,"caption":"Zortech Tubos e Mangueiras Especiais"},"image":{"@id":"https:\/\/zortechtubos.com.br\/#\/schema\/logo\/image\/"}}]}},"_links":{"self":[{"href":"https:\/\/zortechtubos.com.br\/index.php?rest_route=\/wp\/v2\/pages\/23","targetHints":{"allow":["GET"]}}],"collection":[{"href":"https:\/\/zortechtubos.com.br\/index.php?rest_route=\/wp\/v2\/pages"}],"about":[{"href":"https:\/\/zortechtubos.com.br\/index.php?rest_route=\/wp\/v2\/types\/page"}],"author":[{"embeddable":true,"href":"https:\/\/zortechtubos.com.br\/index.php?rest_route=\/wp\/v2\/users\/1"}],"replies":[{"embeddable":true,"href":"https:\/\/zortechtubos.com.br\/index.php?rest_route=%2Fwp%2Fv2%2Fcomments&post=23"}],"version-history":[{"count":5,"href":"https:\/\/zortechtubos.com.br\/index.php?rest_route=\/wp\/v2\/pages\/23\/revisions"}],"predecessor-version":[{"id":205,"href":"https:\/\/zortechtubos.com.br\/index.php?rest_route=\/wp\/v2\/pages\/23\/revisions\/205"}],"wp:attachment":[{"href":"https:\/\/zortechtubos.com.br\/index.php?rest_route=%2Fwp%2Fv2%2Fmedia&parent=23"}],"curies":[{"name":"wp","href":"https:\/\/api.w.org\/{rel}","templated":true}]}}